- 190 = 0, l - 2 = 0. What is the remainder when c is divided by 11?
7
Suppose b = 4*b - 6. Let r = 182 + -116. What is the remainder when r is divided by b - 4 - -17 - -2?
15
Suppose -5*n + 2 + 13 = 0. Let f = -392 - -415. What is the remainder when f is divided by (-1 + n)/((-8)/(-52))?
10
Suppose 1830 = 2*l + 4*l. Suppose 3*c + 3*r - 450 = 0, -2*c = -r - 2*r - l. Calculate the remainder when c is divided by 31.
27
Suppose -o = 2*o - 9. Suppose 0 = -5*m - o*a + 58, -25 = -2*m - a - 2*a. Calculate the remainder when 39 is divided by m.
6
Suppose -4 = 3*a + 2. Calculate the remainder when 36 is divided by (91/2)/(-7)*a.
10
Suppose -465*h = -467*h + 1074. What is the remainder when h is divided by 60?
57
Let q = 65 + -66. Calculate the remainder when 34 + 24 - (0 - (3 + q)) is divided by 7.
4
Let z(c) = c**3 - 21*c**2 + 23*c - 33. What is the remainder when 161 is divided by z(20)?
26
Let m(r) = 2*r**2 + 11*r + 14. Suppose s = 2*l - 4, -3*s + l = -4*l + 13. What is the remainder when 79 is divided by m(s)?
19
Let y(m) = m**3 + m**2 - 14*m + 638. What is the remainder when y(0) is divided by 80?
78
Let l = 42 - 24. Let b(z) = z**3 - 5*z**2 + 2*z + 1. Let q be b(5). What is the remainder when ((-11)/q)/(70/71 + -1) is divided by l?
17
Let u = -124 + 133. Suppose 2*r - 2 = r, 4*h = r + 278. Suppose b = -b + h. Calculate the remainder when b is divided by u.
8
Let p(i) = -2*i**3 - 4*i**2 - i + 2. Suppose -5*g = -2*r + 32, -2*g = 4*r - g - 20. Let x = r + -9. Calculate the remainder when p(x) is divided by 8.
7
Suppose 0 = j + 3*j - 44. Let c = j + -7. Suppose 0*g - 7 = -2*z - 3*g, c*g + 20 = 0. What is the remainder when z is divided by 4?
3
Let y(j) = j**3 - 18*j**2 + 34*j - 20. What is the remainder when 21 is divided by y(16)?
9
Let d be (0 + 1)/((-5)/(-435)). Let t = d - 2. Let a = t - 50. What is the remainder when a is divided by 9?
8
What is the remainder when 222/(-3)*45/(-18) is divided by 47?
44
Let l(w) be the second derivative of -3*w**3 - 9*w**2/2 - 16*w. Calculate the remainder when l(-6) is divided by 25.
24
Let x(r) = -r**3 + 10*r**2 - 12*r - 9. What is the remainder when 45 is divided by x(8)?
22
Let f(k) = k**3 + 7*k**2 + 7*k + 9. Let o be f(-6). Let y(v) = 0*v**3 - 5*v - 11 - v**o + 10*v**2 + 2*v. Calculate the remainder when y(9) is divided by 11.
10
Suppose -5*c - 5*t + 897 = 132, 4*c - 4*t = 620. What is the remainder when c is divided by 39?
37
Suppose -6 = -5*i + 9. Suppose 0 = -b - i*b + 12. Calculate the remainder when b is divided by 9*3/(3 - -6).
0
Suppose 5*g = -3*f + 44, 0*g + g = -2*f + 20. Let t = -13 + 18. Suppose -i = -o + 1, 0 = -t*o - 0*i + 4*i + 9. Calculate the remainder when f is divided by o.
3
Let j = 28 + -24. Suppose 128 = j*p - 5*q + 2, 5*q = -p + 44. Calculate the remainder when p is divided by 10.
4
Let x(a) be the second derivative of 7*a**4/12 - 5*a**3/6 + 2*a**2 + 10*a. Calculate the remainder when 87 is divided by x(2).
21
Suppose 0 = 4*c - 18 - 434. Suppose 4*r - 32 - 34 = 5*w, -4*r = -4*w - 68. What is the remainder when c is divided by r?
18
Let m = 33 + -52. Let q be 38 - 5/(30/12). Let d = q + m. Calculate the remainder when 67 is divided by d.
16
Let t = -13 + 37. Suppose 18*q = 62 + 64. What is the remainder when t is divided by q?
3
Let y = 3354 - 3352. Suppose 13 = 4*j + 5. Calculate the remainder when y is divided by j.
0
Suppose -4*n + 6 = -6. Let v = -54 + 59. Suppose 0 = 2*d - r - 8, -v*d + 33 = 3*r + r. Calculate the remainder when d is divided by n.
2
Let j = 515 - 386. What is the remainder when j is divided by 10?
9
Let o be 1545/20 - (-6)/8. Let d = o + -65. Suppose -5*l + 4*w + 47 = 0, 5*w + 0 = -3*l + 6. What is the remainder when d is divided by l?
6
Suppose 4*h - 5*l = 312, -2*h + 151 - 5 = -5*l. Suppose -2*a + 42 = a. What is the remainder when h is divided by a?
13
Calculate the remainder when ((-4)/1)/(38/(-779)) + 5 is divided by 22.
21
Suppose -3*l - 4 = -4*l, 3*l - 17 = 5*t. Calculate the remainder when (-61 - 0/(-2))*t is divided by (-6 - 2)/((-5)/10).
13
Suppose b = 38 - 35. Suppose b*n + 12 = 0, -3*n - 19 = 2*x - 3*x. Calculate the remainder when 18 is divided by x.
4
Let x = -168 - -175. What is the remainder when x is divided by 2?
1
Let b(y) = -2*y - 18. Let r = -39 - -22. What is the remainder when b(r) is divided by 9?
7
Let m(r) = -4*r - 6. Let l be m(3). Let g be 274/l - 18/(-81). Let u = g - -41. Calculate the remainder when 102 is divided by u.
24
Let a be 1/(-1)*(-4 - -5). Calculate the remainder when (-116)/(-2) + a*(1 + 3) is divided by 8.
6
Calculate the remainder when (-3 - (-330)/8)/(6/16) is divided by 37.
28
Let h(k) = 4*k - 5. Let n be h(7). Suppose 3*t - 20 = -n. Let r = t + 2. Calculate the remainder when 1 is divided by r.
0
Let h(x) = -4*x**3 - 8*x**2 - 9*x - 9. Let y be h(-5). Suppose 2*g = 9*g - y. Calculate the remainder when g is divided by 17.
14
Suppose -4*w = -2*w + 4*g + 2, 0 = -2*g - 4. Suppose w*t + 0*t - 57 = 0. Calculate the remainder when t is divided by 7.
5
Suppose d = 4 - 0, 76 = 4*r + 5*d. What is the remainder when r is divided by 3?
2
Let y = -2 - -5. Calculate the remainder when 2 + (-11)/88*0 + -1 + 15 is divided by y.
1
Let j = 145 - 55. Suppose 0*n = -5*n + j. Calculate the remainder when 69 is divided by n.
15
Let n(q) = 6. Let t(f) = -f - 1. Let w(k) = n(k) + 5*t(k). Suppose j - 5 = -u, -4*j + 19 = -2*u - 7. What is the remainder when w(-2) is divided by j?
5
Suppose 0*y + 5*y = 0. Suppose -5*k - k + 246 = y. Calculate the remainder when 163 is divided by k.
40
Let s = 797 + -780. What is the remainder when 351 is divided by s?
11
Suppose 102 = 3*b + 30. Let u = -1854 - -1861. What is the remainder when b is divided by u?
3
Suppose -33 = -5*o + 32. Let g be 88/20 + 4/(-10). Suppose -2*r = 4*t - 14, 5*t - 15 = -r - g*r. What is the remainder when o is divided by t?
1
Let a = 36 - 32. Suppose -4*u = -x + a*x - 75, -3*u - x + 50 = 0. What is the remainder when 59 is divided by u?
14
Suppose -2*x = 13*j - 9*j - 66, -2*j = -3*x + 91. Calculate the remainder when 371 is divided by x.
30
Let t be 9*3/(36/8). Let s(o) = t*o - 8*o - 1 + 20*o. What is the remainder when s(1) is divided by 7?
3
Suppose 0 = -4*w - 2*l + 4 + 2, -5*w = 5*l - 15. Suppose 2*c - 2 - 40 = w. Calculate the remainder when 61 is divided by c.
19
Let a = -29 - -103. Suppose -3*l + 2*z = -7 - 50, 0 = -4*z. What is the remainder when a is divided by l?
17
Let m be 7/((-4)/24*-1). Let i = 154 - m. Calculate the remainder when i is divided by 38.
36
Let y be ((-8)/4 + 2)/1. Suppose 3*t + 0*t - 900 = y. Suppose -t = -0*m - 3*m. Calculate the remainder when m is divided by 26.
22
Let u = -85 - -163. Calculate the remainder when ((-5)/10)/(-2 - -1)*u is divided by 8.
7
What is the remainder when 512 is divided by 71/4 + (-11)/(-44) - -1?
18
Let k(w) = w + 6. Let f be k(-3). What is the remainder when 30 is divided by -12*(-12)/(-8)*(-2)/f?
6
Let o be (0 - 4)*(-1)/2. Let k(m) = 11*m**2 - m + 4*m**o + 2 - 3. What is the remainder when 74 is divided by k(-1)?
14
Suppose -4*g + 801 = a, -4*g - a + 3*a = -798. Calculate the remainder when g is divided by 68.
64
Let s(m) = -m**3 + 17*m**2 + 13*m + 128. What is the remainder when s(17) is divided by 8?
5
Suppose -3*t - 57 = -2*b, 2*b - 9*t + 5*t = 60. Suppose 5*g + 2*i = 2*g + 141, 2*g + i - 93 = 0. Calculate the remainder when g is divided by b.
21
Let j(s) = -s**3 - 10*s**2 - 2*s - 6. Let v = -15 - -7. Let u be (-46)/4 + (-12)/v. Calculate the remainder when 27 is divided by j(u).
13
Let f = 493 + -177. Calculate the remainder when (-4 - -7)*f/12 is divided by 27.
25
Let l(c) = 2*c**3 + 20*c**2 + 33*c + 3. What is the remainder when 130 is divided by l(-7)?
64
Let g be 1396/(-10)*(-20)/8. Suppose -3*w + g = -0*w + d, -5*w + 3*d = -577. Calculate the remainder when w is divided by 40.
36
Suppose 0 + 5 = k. Suppose 3*l - k*u - 38 = 0, 0*u = -2*l + 4*u + 28. Suppose -92*y + 2328 = 92*y - 432. Calculate the remainder when y is divided by l.
3
Let f(v) = v**3 + 2*v**2 + v + 35. Let l be f(0). Let s = 53 - l. What is the remainder when 70 is divided by s?
16
Suppose 5*y = 2*a - 3, -3*a + 17 = a + y. Suppose 51 = a*o - u, -3*o = -2*o - 5*u - 8. What is the remainder when 24 is divided by o?
11
Let b = 133 + -54. Let v = b - 